he remainder when d(25) is divided by 21?
19
Suppose 3*i + 5*w - 1809 = 0, 5*i = -4*w + 96 + 2893. Calculate the remainder when i is divided by 66.
65
Suppose -2*s + 146 = -2*l + 3*l, 5*s = -l + 152. What is the remainder when 5253 is divided by l?
141
Suppose -4*w = -862 + 390 - 360. Suppose 2*p - 6 = 22. Calculate the remainder when w is divided by p.
12
Let n = 151 - 146. Suppose 0 = -n*s - 4*g + 146, -s + 7 + 35 = 4*g. Calculate the remainder when -2*(-1)/(-1) - -105 is divided by s.
25
Let g(y) = -y**2 - 11*y + 155. What is the remainder when 372 is divided by g(7)?
24
Suppose 2*s = 3*y + 159, 4*s + 5*y = 2*y + 273. Suppose 0 = 157*b - 142*b - 345. Calculate the remainder when s is divided by b.
3
Suppose 4*q + 24 + 6 = 5*p, 5*p = -5*q - 15. Let k = 507 - 506. What is the remainder when (5 + k - 1) + -2 + 5 is divided by p?
0
Suppose 18 = 5*g + f, -4*f + f = -4*g + 22. Suppose g*h - 6 = 10. Suppose 0 = -h*x + 284 + 60. Calculate the remainder when x is divided by 29.
28
Let p = 458 - 455. Suppose 0 = -12*f - p*f + 3285. What is the remainder when f is divided by 16?
11
Let m(d) = -70*d + 998. Calculate the remainder when m(2) is divided by 38.
22
Let n be 3/((-8)/6 - (-107)/78). Suppose 0 = -2*f + 4, -4*z + 2*f + 326 = n. Calculate the remainder when z is divided by 22.
19
Suppose -5*a + 66 = -24. Suppose 20 = 4*l - 4*r, -5*l - 4*r = -8*r - 28. Suppose -l*u = -441 - 111. What is the remainder when u is divided by a?
15
Let a(y) = -212*y - 4201. Calculate the remainder when a(-20) is divided by (36/60)/(2/70).
18
Suppose 3001*b - 2958*b - 1591 = 0. Let y = -23 - -81. What is the remainder when y is divided by b?
21
Let o(u) = u**2 - u - 14. Let m be o(5). What is the remainder when (-2)/(-6) - (-83)/3 is divided by m/(-10) + 43/5*1?
4
Let x = 35 - -136. Let i be 328 + -24*4/(-12). Let b = i + -293. Calculate the remainder when x is divided by b.
42
Let d be 10*124*4/40. Let k = 513 - 509. Suppose 117 = k*v - 4*p + 17, 4*v + 4*p = d. What is the remainder when v is divided by 17?
11
Let j(f) = f**3 - 5*f**2 - 3901*f + 216. Suppose 5*p = h - 0*h - 35, 2*p = 5*h - 198. Calculate the remainder when j(65) is divided by h.
31
Let l = -146 + 149. What is the remainder when 104 is divided by 3 + l + 7 - -5?
14
Let u = 5330 - 5294. What is the remainder when 4535 is divided by u?
35
Suppose -50*d - 297 = -83*d. What is the remainder when ((-2)/(-6))/((-1)/(-279)) is divided by d?
3
Suppose -3*j = -5*l + 872 + 131, 804 = 4*l - 4*j. What is the remainder when 209 is divided by l?
9
Suppose 3618 = -4*b + 5246. Calculate the remainder when b is divided by 12.
11
Suppose 5*o - 15 = 0, 0 = -63*p + 65*p - 5*o - 5095. What is the remainder when p is divided by 160?
155
Suppose -4*n + 20 = h, 4*n + 5*h - 40 = -n. Let u = -3877 + 3920. Calculate the remainder when u is divided by n/6*(-231)/(-14).
10
Suppose -61*k = -25394 + 2769 - 16781. What is the remainder when k is divided by 25?
21
Let r = -83 + 139. Suppose -3*l - 5*l + r = 0. Suppose 8*p - 4*p - 48 = 2*x, 0 = -p + 3*x + l. What is the remainder when p is divided by 9?
4
Let w(b) = -3*b**2 + 44*b + 18. Let r be w(15). Suppose 222 = -r*q - 123. Let m = q - -129. What is the remainder when 26 is divided by m?
12
Let i = 32 + 13. Let w be 165/(-10)*(-5)/((-15)/6). Let k = w + i. Calculate the remainder when 47 is divided by k.
11
Let s(l) = -31*l**2 + 1277*l - 221. Suppose -3*k = t - 5*t + 32, -k = -t + 7. Calculate the remainder when s(41) is divided by t.
3
Let k be -6*1/(-2)*(5 + -14). Let u(d) = -7*d - 168. What is the remainder when u(k) is divided by 9?
3
Let s(w) = -3*w**2 - 6*w - 9. Let j be s(-5). Let d = j + 61. Suppose -14*n + 791 = -d*n. What is the remainder when n is divided by 38?
37
Let o = 175 + -170. Suppose -131 = -3*a + 5*f, 5*a = o*f + 237 - 32. Calculate the remainder when a is divided by (-27)/63 + 143/7.
17
Suppose -3*f + 4*l = -86, -115*f - l + 140 = -111*f. What is the remainder when 800 is divided by f?
18
Let d(k) = k**2 - 3*k + 13. Let p = 93 + -52. Let u = p - 35. Calculate the remainder when d(u) is divided by 11.
9
Suppose 0 = -4*k - 0*g + 3*g + 67, -2*k = -5*g - 51. Suppose -2*m + 23 = -k. Calculate the remainder when m is divided by 4.
2
Suppose 0 = 2*p - 21*b + 19*b - 42, -2*b = -3*p + 56. Let g(k) = -k**3 + 9*k**2 + 3*k + 8. What is the remainder when g(9) is divided by p?
7
Suppose 4*r = 4*i, -11*i = -6*i - 4*r - 4. Suppose 7*c - 6*c = -u + 75, -i*u + 303 = c. What is the remainder when 80 is divided by u?
4
Let p be (-5037)/23 + (-1 + 0)*3. Let l = 229 + p. Suppose -2*t = -0*t - 52. Calculate the remainder when t is divided by l.
5
Suppose -5*x + 2*b - 39 = -310, 0 = -4*b - 12. What is the remainder when 160 is divided by x?
1
Suppose 2*v - 15*s - 114 = -11*s, -2*v - 4*s = -74. What is the remainder when v is divided by 17?
13
Let h be 68/4*(5 + -4). Suppose -s = z - 3, 4*s = 3*z - h - 13. Let o = 21 - z. What is the remainder when 208 is divided by o?
13
Suppose -c = 2*p + 3*c - 162, 4*c + 283 = 3*p. Let l = -297 - 242. Let z = 549 + l. Calculate the remainder when p is divided by z.
9
Let d be 16*((-34)/(-8) - 4). Suppose -d*l + 204 = 5*u, 0*l - 3*l - 3*u + 153 = 0. Calculate the remainder when 149 is divided by l.
47
Suppose 3*p - 4*t - 904 = 0, 13*t = -2*p + 11*t + 598. What is the remainder when p is divided by 9?
3
Suppose -183*y - 1852 = -190*y + 1284. Calculate the remainder when y is divided by 18.
16
Suppose -4*p - r - 4*r = -263, -2*p = 2*r - 130. Let d = p + -47. Calculate the remainder when 59 is divided by ((-50)/d - -2)*-9.
11
Suppose 55*f - 271 - 2299 = 235. What is the remainder when 345 is divided by f?
39
What is the remainder when (-49 - -40) + 7 + -4 + 468 is divided by 39?
33
Let i(j) = -j**2 - 16*j - 32. Let f be i(-14). Calculate the remainder when (-212)/8*(-2 + 0/f) is divided by 40.
13
Let z(i) = i**2 - 3*i + 16. Let r be (5 + -17)*3/(-9). What is the remainder when z(r) is divided by 12?
8
Suppose 252 = -2*k + 4*k. Let m(h) = -h**3 + 12*h**2 + 9*h + 292. Calculate the remainder when k is divided by m(14).
22
Suppose 20480 = 5*q - 3*b, 5*q - 12641 - 7839 = -3*b. Calculate the remainder when q is divided by 41.
37
Let j = 0 - -3. Let p = 3027 + -3024. Suppose -p*m + j*t + 78 = m, 96 = 5*m - 3*t. Calculate the remainder when 70 is divided by m.
16
Let c(f) = -f**3 - 5*f**2 + 5*f. Let y(q) = -q**3 + 4*q**2 + 12*q - 6. Let t be y(6). Calculate the remainder when 19 is divided by c(t).
1
Let o = 35419 - 35387. Calculate the remainder when 816 is divided by o.
16
Let b(g) = -2*g**2 + 46*g + 30. Let y be b(22). Suppose -12*d + y = -238. What is the remainder when 129 is divided by d?
25
Let v be (5/5)/((-3)/(-144)). Suppose 0 = -3*h - 5*m + v, -24*h + 19*h + 2*m = -80. Calculate the remainder when 157 is divided by h.
13
Let y(n) = n**3 + 2*n**2 - 2. Suppose 2*k + 8 = 22. What is the remainder when -1 - k/(7/(-33)) is divided by y(2)?
4
Suppose 3*z - 8*z + 30107 = 3*h, -8 = -2*h. Calculate the remainder when z is divided by 20.
19
Suppose 429 = 8*y - 5*y. Let v = -42 - -79. What is the remainder when y is divided by v?
32
Let v(b) = -b**3 - 10*b**2 - 12*b + 12. Let g(x) = -20*x + 14 + 1 - 2*x - 12*x + 4*x**2 + 3*x. Calculate the remainder when v(-9) is divided by g(8).
16
Suppose 0 = 82*r + 413 - 11647. Calculate the remainder when 281 is divided by r.
7
Let m(a) = a**3 - 35*a**2 + 63*a + 103. Let k be m(33). Suppose -k*x = 7*l - 8*l + 246, x = 2*l - 513. Calculate the remainder when l is divided by 29.
26
Let l(w) = w**2 + 111*w + 75. Calculate the remainder when 335 is divided by l(0).
35
Let n(u) = -u + 15. Suppose -2*p + 42 = 4*z, -p = z + 2*p - 23. Let y(x) = x**2 - 15*x - 6. Calculate the remainder when y(18) is divided by n(z).
6
Suppose 0 = -4*o - 20, -17 = 4*s + 4*o + 31. Let y = s - -17. Let k = y - -42. Calculate the remainder when 103 is divided by k.
51
Let i = 6 - -12. Let t be 4179/(-126) - (-1)/6. Calculate the remainder when i is divided by -1*(-4 - 0) - (-33 - t).
2
Let c = -17 - -58. Calculate the remainder when (-5)/(5 + (-206)/c) is divided by 16.
13
Let o(a) = a**3 - 8*a**2 - 30*a. Let p = 13 - -149. Calculate the remainder when p is divided by o(11).
30
Let g(s) = 5*s**3 + 87*s**2 + 20*s + 2. What is the remainder when 